hat are the prime factors of 231187377?
3, 61, 1263319
What are the prime factors of 21869921?
359, 60919
What are the prime factors of 8635122457?
13, 97, 6847837
List the prime factors of 4025735850.
2, 3, 5, 457, 58727
What are the prime factors of 63357611?
163, 388697
List the prime factors of 734623465.
5, 17, 701, 12329
What are the prime factors of 3427153539?
3, 17, 1217, 55217
List the prime factors of 7244626.
2, 3622313
List the prime factors of 2521891085.
5, 7, 10293433
List the prime factors of 291593612.
2, 241, 302483
What are the prime factors of 192496219?
17, 79, 143333
What are the prime factors of 47474961?
3, 1877, 8431
What are the prime factors of 2691903299?
19, 6211, 22811
List the prime factors of 511563879.
3, 56840431
What are the prime factors of 1853285335?
5, 11, 1093, 30829
What are the prime factors of 894320348?
2, 19, 59, 199447
What are the prime factors of 729557552?
2, 45597347
What are the prime factors of 505954882?
2, 252977441
List the prime factors of 27514245.
3, 5, 11, 17, 577
List the prime factors of 1831128523.
7, 157, 1666177
What are the prime factors of 226604230?
2, 5, 163, 139021
List the prime factors of 2434087318.
2, 13, 743, 126001
List the prime factors of 472719378.
2, 3, 61, 311, 4153
List the prime factors of 532026728.
2, 4861, 13681
What are the prime factors of 112200836?
2, 11, 2550019
List the prime factors of 102130817.
457, 223481
List the prime factors of 513108675.
3, 5, 253387
What are the prime factors of 53652255?
3, 5, 17, 210401
List the prime factors of 1822992010.
2, 5, 7, 26042743
What are the prime factors of 1778257379?
1778257379
What are the prime factors of 36884724?
2, 3, 3073727
What are the prime factors of 2384969051?
37, 67, 877, 1097
List the prime factors of 842471781.
3, 43, 6530789
List the prime factors of 74082805.
5, 19, 157, 4967
What are the prime factors of 776297155?
5, 19, 8171549
List the prime factors of 10156840.
2, 5, 31, 8191
List the prime factors of 3428471167.
11, 311679197
What are the prime factors of 552435348?
2, 3, 46036279
What are the prime factors of 49030143?
3, 37, 441713
List the prime factors of 92082508.
2, 7, 101, 32561
What are the prime factors of 152929547?
37, 773, 5347
List the prime factors of 113425252.
2, 557, 50909
What are the prime factors of 318350500?
2, 5, 13, 17, 43, 67
List the prime factors of 1017999973.
25457, 39989
What are the prime factors of 113199450?
2, 3, 5, 7, 13, 8293
What are the prime factors of 42403697?
7, 23, 67, 3931
List the prime factors of 248015129.
97, 2556857
List the prime factors of 143214632.
2, 11, 147949
What are the prime factors of 951632224?
2, 29738507
What are the prime factors of 68320138?
2, 89, 383821
What are the prime factors of 562200732?
2, 3, 727, 21481
What are the prime factors of 61421781?
3, 67, 305581
List the prime factors of 757805946.
2, 3, 126300991
What are the prime factors of 431812813?
29, 139, 107123
What are the prime factors of 7642855753?
13, 37, 15889513
List the prime factors of 208707163.
7, 53, 359, 1567
What are the prime factors of 57892470?
2, 3, 5, 1929749
What are the prime factors of 1038544168?
2, 2549, 50929
What are the prime factors of 127804697?
19, 37, 137, 1327
List the prime factors of 32603543.
7, 97, 48017
List the prime factors of 1493578595.
5, 61, 4896979
List the prime factors of 64152034.
2, 4001, 8017
List the prime factors of 478739250.
2, 3, 5, 11, 23, 29
List the prime factors of 1033480191.
3, 439, 784723
List the prime factors of 8826216934.
2, 4413108467
List the prime factors of 235667619.
3, 11, 2380481
What are the prime factors of 144247284?
2, 3, 43, 89, 349
List the prime factors of 135042777.
3, 15004753
List the prime factors of 52434066.
2, 3, 23, 53, 67, 107
List the prime factors of 287254098.
2, 3, 3533, 4517
List the prime factors of 52014031.
52014031
What are the prime factors of 191065241?
191065241
What are the prime factors of 683020081?
13103, 52127
List the prime factors of 552482666.
2, 71, 257, 15139
List the prime factors of 23882035.
5, 211, 22637
List the prime factors of 766679748.
2, 3, 59, 1082881
What are the prime factors of 154664837?
154664837
List the prime factors of 8118661493.
73, 79, 347, 4057
What are the prime factors of 1011239132?
2, 83, 3045901
What are the prime factors of 1343450295?
3, 5, 11, 246731
List the prime factors of 1627935902.
2, 23071, 35281
List the prime factors of 161874686.
2, 80937343
List the prime factors of 311762421.
3, 47, 359, 2053
What are the prime factors of 2055514762?
2, 7, 103, 839, 1699
List the prime factors of 51162582.
2, 3, 8527097
What are the prime factors of 75146259?
3, 3583, 6991
What are the prime factors of 466413966?
2, 3, 167, 155161
What are the prime factors of 4450996155?
3, 5, 313, 948029
What are the prime factors of 74067371?
7, 43, 35153
What are the prime factors of 153629847?
3, 7, 348367
What are the prime factors of 610263381?
3, 7, 13, 367, 6091
What are the prime factors of 392546011?
11, 13, 43, 63839
List the prime factors of 3983661555.
3, 5, 265577437
What are the prime factors of 18570624?
2, 3, 137, 353
What are the prime factors of 221803261?
3793, 58477
What are the prime factors of 270231247?
11, 13, 31, 47, 1297
What are the prime factors of 3044919541?
31, 98223211
List the prime factors of 370250437.
109, 3396793
List the prime factors of 5264853.
3, 11, 159541
What are the prime factors of 409940858?
2, 204970429
What are the prime factors of 1317843618?
2, 3, 7, 13, 43, 56131
List the prime factors of 1112539537.
457, 2434441
What are the prime factors of 12002242?
2, 7, 269, 3187
What are the prime factors of 390901138?
2, 195450569
List the prime factors of 16005107.
59, 271273
List the prime factors of 196081140.
2, 3, 5, 19, 172001
List the prime factors of 75061.
7, 10723
What are the prime factors of 251915694?
2, 3, 41985949
What are the prime factors of 1411500734?
2, 7, 100821481
List the prime factors of 1136049346.
2, 568024673
List the prime factors of 927125434.
2, 14249, 32533
What are the prime factors of 62353945?
5, 311, 40099
What are the prime factors of 195426472?
2, 179, 136471
What are the prime factors of 984024556?
2, 43, 547, 10459
List the prime factors of 22814996.
2, 29, 196681
What are the prime factors of 52267823?
3229, 16187
What are the prime factors of 6565511491?
7, 11, 2861, 29803
What are the prime factors of 545974450?
2, 5, 7, 41, 38047
What are the prime factors of 52817230?
2, 5, 191, 27653
List the prime factors of 505988414.
2, 191, 1324577
List the prime factors of 80485619.
37, 569, 3823
List the prime factors of 6442181996.
2, 30323, 53113
What are the prime factors of 3058793025?
3, 5, 40783907
What are the prime factors of 70421375?
5, 499, 1129
List the prime factors of 55124435.
5, 11024887
List the prime factors of 325259018.
2, 7, 1787, 13001
List the prime factors of 181177941.
3, 7, 101, 12203
List the prime factors of 3744499547.
3744499547
What are the prime factors of 385499710?
2, 5, 38549971
List the prime factors of 4081934188.
2, 293, 317, 10987
List the prime factors of 166504058.
2, 7, 53, 32057
List the prime factors of 1368864750.
2, 3, 5, 11, 277, 599
List the prime factors of 71034931.
11, 37, 174533
What are the prime factors of 1639507041?
3, 109, 557087
What are the prime factors of 181508950?
2, 5, 7, 518597
What are the prime factors of 375458349?
3, 7, 17878969
List the prime factors of 2210896370.
2, 5, 79, 2798603
What are the prime factors of 472348919?
7, 37, 47, 38803
List the prime factors of 3535756717.
163, 21691759
What are the prime factors of 680165488?
2, 42510343
What are the prime factors of 4576109664?
2, 3, 7, 6809687
What are the prime factors of 6014674479?
3, 11, 11239, 16217
What are the prime factors of 1321904067?
3, 11, 3641609
What are the prime factors of 508838267?
7, 67, 1084943
What are the prime factors of 568444563?
3, 23, 43, 63863
List the prime factors of 181596461.
2417, 75133
List the prime factors of 71063766.
2, 3, 3947987
What are the prime factors of 217233771?
3, 31, 37, 63131
List the prime factors of 117658066.
2, 137, 429409
What are the prime factors of 1054397644?
2, 263599411
List th